of 16145?
5
What is the hundreds digit of 14807?
8
What is the tens digit of 570?
7
What is the tens digit of 1833?
3
What is the thousands digit of 2318?
2
What is the hundreds digit of 8356?
3
What is the tens digit of 252?
5
What is the hundreds digit of 1712?
7
What is the tens digit of 3756?
5
What is the tens digit of 1175?
7
What is the thousands digit of 5312?
5
What is the units digit of 26923?
3
What is the tens digit of 92358?
5
What is the ten thousands digit of 31177?
3
What is the tens digit of 2696?
9
What is the tens digit of 24517?
1
What is the tens digit of 1316?
1
What is the hundreds digit of 5878?
8
What is the thousands digit of 44757?
4
What is the hundreds digit of 1097?
0
What is the units digit of 3068?
8
What is the thousands digit of 1565?
1
What is the hundreds digit of 6780?
7
What is the tens digit of 25757?
5
What is the hundreds digit of 9999?
9
What is the hundreds digit of 8992?
9
What is the tens digit of 6352?
5
What is the hundreds digit of 11641?
6
What is the hundreds digit of 891?
8
What is the tens digit of 75?
7
What is the units digit of 1015?
5
What is the units digit of 21102?
2
What is the thousands digit of 14769?
4
What is the thousands digit of 22708?
2
What is the thousands digit of 1368?
1
What is the tens digit of 8840?
4
What is the thousands digit of 1497?
1
What is the thousands digit of 1911?
1
What is the hundreds digit of 415?
4
What is the thousands digit of 5094?
5
What is the hundreds digit of 112099?
0
What is the hundreds digit of 152?
1
What is the thousands digit of 39986?
9
What is the units digit of 2347?
7
What is the tens digit of 9463?
6
What is the hundreds digit of 102806?
8
What is the hundreds digit of 7003?
0
What is the thousands digit of 6306?
6
What is the tens digit of 16455?
5
What is the units digit of 1345?
5
What is the thousands digit of 3723?
3
What is the thousands digit of 1694?
1
What is the tens digit of 80065?
6
What is the hundreds digit of 244?
2
What is the tens digit of 1046?
4
What is the units digit of 62357?
7
What is the hundreds digit of 1660?
6
What is the tens digit of 9778?
7
What is the units digit of 18624?
4
What is the tens digit of 4415?
1
What is the units digit of 4478?
8
What is the tens digit of 11360?
6
What is the thousands digit of 1171?
1
What is the hundreds digit of 42670?
6
What is the units digit of 587?
7
What is the thousands digit of 4052?
4
What is the hundreds digit of 3458?
4
What is the tens digit of 6002?
0
What is the thousands digit of 10431?
0
What is the thousands digit of 7484?
7
What is the units digit of 390?
0
What is the thousands digit of 8827?
8
What is the thousands digit of 8561?
8
What is the units digit of 51?
1
What is the tens digit of 48652?
5
What is the hundreds digit of 2046?
0
What is the units digit of 1556?
6
What is the units digit of 6212?
2
What is the tens digit of 2475?
7
What is the hundreds digit of 1676?
6
What is the units digit of 2702?
2
What is the tens digit of 16355?
5
What is the hundreds digit of 2635?
6
What is the units digit of 5122?
2
What is the tens digit of 36412?
1
What is the tens digit of 1017?
1
What is the units digit of 9813?
3
What is the tens digit of 12689?
8
What is the hundreds digit of 4156?
1
What is the ten thousands digit of 15457?
1
What is the units digit of 64535?
5
What is the tens digit of 4129?
2
What is the units digit of 37243?
3
What is the units digit of 9495?
5
What is the units digit of 237?
7
What is the tens digit of 812?
1
What is the tens digit of 2733?
3
What is the tens digit of 1740?
4
What is the hundreds digit of 2287?
2
What is the ten thousands digit of 100232?
0
What is the thousands digit of 30778?
0
What is the thousands digit of 5193?
5
What is the hundreds digit of 13593?
5
What is the units digit of 25107?
7
What is the ten thousands digit of 33772?
3
What is the tens digit of 453?
5
What is the hundreds digit of 276?
2
What is the hundreds digit of 2550?
5
What is the tens digit of 943?
4
What is the hundreds digit of 534?
5
What is the ten thousands digit of 17249?
1
What is the thousands digit of 15175?
5
What is the thousands digit of 9728?
9
What is the units digit of 27810?
0
What is the tens digit of 2072?
7
What is the hundreds digit of 19703?
7
What is the ten thousands digit of 47321?
4
What is the ten thousands digit of 59822?
5
What is the hundreds digit of 37739?
7
What is the thousands digit of 19476?
9
What is the tens digit of 1178?
7
What is the hundreds digit of 1334?
3
What is the hundreds digit of 335?
3
What is the units digit of 6246?
6
What is the units digit of 14?
4
What is the thousands digit of 1439?
1
What is the thousands digit of 71483?
1
What is the hundreds digit of 5485?
4
What is the units digit of 709?
9
What is the hundreds digit of 1916?
9
What is the tens digit of 215?
1
What is the tens digit of 4786?
8
What is the units digit of 178510?
0
What is the units digit of 127681?
1
What is the hundreds digit of 1575?
5
What is the tens digit of 594?
9
What is the ten thousands digit of 47345?
4
What is the tens digit of 585?
8
What is the tens digit of 42726?
2
What is the tens digit of 40244?
4
What is the tens digit of 2270?
7
What is the thousands digit of 1789?
1
What is the units digit of 15993?
3
What is the ten thousands digit of 27815?
2
What is the units digit of 509?
9
What is the units digit of 7754?
4
What is the thousands digit of 13144?
3
What is the hundreds digit of 2111?
1
What is the units digit of 473?
3
What is the tens digit of 3014?
1
What is the thousands digit of 9617?
9
What is the hundreds digit of 52979?
9
What is the tens digit of 9062?
6
What is the tens digit of 17475?
7
What is the hundreds digit of 100501?
5
What is the tens digit of 22070?
7
What is the thousands digit of 1559?
1
What is the thousands digit of 13061?
3
What is the tens digit of 6018?
1
What is the tens digit of 901?
0
What is the ten thousands digit of 44718?
4
What is the hundreds digit of 576?
5
What is the tens digit of 1195?
9
What is the ten thousands digit of 86618?
8
What is the units digit of 2043?
3
What is the tens digit of 285?
8
What is the tens digit of 45527?
2
What is the units digit of 2258?
8
What is the units digit of 2881?
1
What is the units digit of 35789?
9
What is the hundreds digit of 3763?
7
What is the hundreds digit of 1490?
4
What is the tens digit of 1075?
7
What is the hundreds digit of 2974?
9
What is the tens digit of 20660?
6
What is the hundreds digit of 6031?
0
What is the hundreds digit of 1782?
7
What is the ten thousands digit of 39546?
3
What is the units digit of 3977?
7
What is the tens digit of 107006?
0
What is the thousands digit of 2627?
2
What is the hundreds digit of 5441?
4
What is the tens digit of 946?
4
What is the hundreds digit of 725?
7
What is the thousands digit of 2965?
2
What is the units digit of 6020?
0
What is the hundreds digit of 2842?
8
What is the tens digit of 138?
3
What is the ten thousands digit of 18555?
1
What is the thousands digit of 20723?
0
What is the units digit of 118536?
6
What is the thousands digit of 126321?
6
What is the thousands digit of 69521?
9
What is the thousands digit of 2053?
2
What is the tens digit of 10565?
6
What is the units digit of 2?
2
What is the hundreds digit of 120?
1
What is the tens digit of 27057?
5
What is the tens digit of 1021?
2
What is the tens digit of 50?
5
What is the hundreds digit of 67112?
1
What is the units digit of 6131?
1
What is the hundreds digit of 1304?
3
What is the units digit of 236?
6
What is the tens digit of 8072?
7
What is the thousands digit of 5395?
5
What is the ten thousands digit of 10950?
1
What is the hundreds digit of 49298?
2
What is the hundreds digit of 5410?
4
What is the hundreds digit of 9790?
7
What is the thousands digit of 2759?
2
What is the tens digit of 6453?
5
What is the units digit of 914?
4
What is the units digit of 2976?
6
What is the units digit of 121777?
7
What is the thousands digit of 20418?
0
What is the ten thousands digit of 78931?
7
What is the hundreds digit of 3079?
0
What is the tens digit of 4123?
2
What is the thousands digit of 36819?
6
What is the thousands digit of 1530?
1
What is the tens digit of 108936?
3
What is th